f 10 and q.
10
Suppose -g - c - 6 = 0, -24 = 4*g - c + 6*c. Let m be (-1805)/(-30) + 1/g. What is the greatest common factor of m and 12?
12
Let f = 10 + -7. Let x(h) = -5 + 3 + h**f + 9 + 0*h**3 - 2*h + 5*h**2. Let m be x(-5). Calculate the highest common divisor of m and 153.
17
Let h = -50 - -93. Suppose -5*l + h = -52. Calculate the greatest common divisor of 38 and l.
19
Suppose -7*j + 185 + 4 = 0. What is the highest common factor of j and 108?
27
Suppose 10 = -u - 0*u. Let k be (16/u)/(6/(-165)). What is the highest common factor of 11 and k?
11
Let w(u) = u**3 - 8*u**2 - 9*u. Let q be w(9). Let n be -15*(q + 1*-6). Calculate the greatest common divisor of 18 and n.
18
Suppose -j = -0 - 8. Suppose -8*x - 224 = -544. What is the highest common factor of x and j?
8
Let o be 7 + (2 - 1) - -2. Let g be (-2)/(-5) + 12/(-5). Let j be (-255)/(-25) + g/o. Calculate the greatest common divisor of 40 and j.
10
Suppose -p + 1 = -5*h + 65, -p + 4*h - 60 = 0. Let x = 114 + p. Let k(i) = 11*i**2 - 1. Let n be k(-1). Calculate the greatest common factor of x and n.
10
Let r(g) = g**2 - 14*g - 15. Let q be r(15). Suppose -5*h = -q*h - 150. Let l = 22 - 12. Calculate the greatest common factor of h and l.
10
Suppose 0 = 13*a - 8*a - 165. What is the highest common divisor of a and 22?
11
Let z = 9 + -4. Suppose z*c - 4 = 16. Suppose -c*u = 4*o - 20, -3*o = u - 0*u - 11. What is the greatest common divisor of 2 and o?
1
Suppose 15 = -3*b, -4*d + 4*b + 55 = d. What is the greatest common divisor of d and 49?
7
Let j = 0 + 2. Suppose -j*u = 3*u. Suppose u = -o - 4*v + 28, -4*o = -4*v - 15 + 3. What is the highest common divisor of o and 8?
8
Suppose -2*b = -3*z - 63, 3*z + 3 = -0. What is the greatest common factor of 12 and b?
6
Suppose -4*p = p. Suppose 4*x - b - 699 = -54, 5*b - 15 = p. What is the highest common divisor of 18 and x?
18
Suppose -3 = -3*i + 30. Let p be 14/(3*2/24). Suppose p - 12 = 4*m. What is the highest common divisor of i and m?
11
Suppose 4*o + 4 = 2*w, w - o - 10 = -3*o. Let r be 12/(-10)*(0 - 5). What is the greatest common factor of w and r?
6
Suppose -2*u - 1 = -5. What is the highest common divisor of u and 2?
2
Let p(k) = -k**3 + 4*k**2 - 5*k + 4. Let m be p(3). Let d be -18 + m/(6/9). Let j = d + 210. What is the highest common divisor of j and 21?
21
Suppose 24 = -3*o - 21. Let x(d) = -d**3 - 5*d**2 - 3*d + 3. Let m be x(-6). Let a = o + m. What is the greatest common factor of a and 14?
14
Let f(n) = -2*n**2 + 9*n + 7. Let m = -2 + 9. Let d be f(m). Let j = d - -77. Calculate the greatest common factor of j and 7.
7
Let h(b) = -2*b + 1. Let k be h(6). Let q be 6/(-33) - 35/k. Suppose -q*l + 7*l + 5*j = 530, 400 = 3*l + 5*j. What is the greatest common factor of 13 and l?
13
Suppose 730 = 9*q + 136. Let g be (-23)/(-4) - (-2)/8. What is the highest common factor of q and g?
6
Suppose 2*d - 50 - 22 = 0. Let k = -31 - -43. Calculate the greatest common divisor of k and d.
12
Let c be (-5)/((-5)/382) - (-2 + -1). What is the highest common divisor of 35 and c?
35
Let n be 15*(0 - 0 - -1). Let b = -3 - 3. Let h be (10/b)/(1/(-3)). What is the highest common factor of n and h?
5
Let n be (14/4)/(1/22). Calculate the greatest common divisor of 7 and n.
7
Let v(r) = 2*r**2 + 3*r - 1. Let t be v(-4). Suppose 0*a - 209 = -a. What is the highest common factor of a and t?
19
Suppose -2*d + d + 12 = 5*l, -3*l - 18 = -3*d. Let w = d + -4. Suppose -2*y = -107 + w. Calculate the highest common factor of 13 and y.
13
Suppose o + o - 6 = 0. Suppose 62 = o*b - b. Suppose 0 = -2*w - 0*w + 5*h + 15, 0 = 3*w + h - b. Calculate the greatest common factor of 10 and w.
10
Let m be 21 - (0 + -2 + 0). Let o = m + -12. Let y = -8 + o. Calculate the highest common divisor of 2 and y.
1
Let k be 6/4*(-4)/(-6). Let r be ((-10)/(-4))/((76/8)/19). Calculate the greatest common divisor of r and k.
1
Let o = 216 - 144. What is the highest common divisor of o and 48?
24
Suppose -1 = 3*n - 7. Let l(t) = 2*t - 8. Let j = -5 + 11. Let w be l(j). What is the highest common factor of w and n?
2
Suppose 2*w + 166 = 446. What is the highest common factor of w and 35?
35
Suppose 2*r + 140 = 7*r + 2*z, 0 = z. Calculate the greatest common factor of 7 and r.
7
Let x = 1 - -1. Let u be 1 + 2 - (1 - x). Let q = 8 - u. What is the highest common factor of 1 and q?
1
Let o be (-2 - 111/(-6))*8. Let k = 10 - 6. Suppose -2*d - 73 = -4*l + 3*d, 63 = k*l - 3*d. Calculate the highest common factor of l and o.
12
Suppose -5*z + 3*w = -4, -2*z + 2 = -7*z + w. Let v = 12 + z. What is the highest common divisor of v and 77?
11
Let i = 85 - 61. Calculate the highest common factor of 24 and i.
24
Suppose -13 = -5*l - 2*r + 18, -22 = -2*l - 4*r. Suppose -4*c + 5*p = -176, -2*c = -c + l*p - 44. Calculate the greatest common divisor of c and 11.
11
Let k(q) = 17*q**3 - q**2 + q. Let y be k(1). Suppose -243 = 4*d + y. Let l be d/(-10) - 2/(-4). Calculate the greatest common divisor of l and 28.
7
Suppose -z - 2*z = -24. Suppose 0 = -7*s + 5*s + 8. Suppose 92 = 2*g + 2*g + 2*k, s*k + z = 0. Calculate the highest common divisor of 6 and g.
6
Suppose 47 = 3*n - 145. Suppose 15 = 3*u + 69. Let f = 26 + u. Calculate the greatest common factor of n and f.
8
Suppose -3*n - 2*n = -350. Suppose 14*j - 16*j + n = 0. What is the highest common factor of j and 5?
5
Suppose 3*f - 64 = 41. Let v = f - 24. Suppose 49 = 2*i - 127. Calculate the highest common factor of i and v.
11
Suppose 0 = -35*i + 32*i + 135. What is the highest common divisor of i and 15?
15
Suppose 0 = 2*o + 2*d - 22, 0*o = o - 2*d - 26. Let g be 3 + -5 - (105 - 0). Let m = g - -155. Calculate the greatest common divisor of m and o.
16
Suppose 53 - 9 = -2*a. Let s be 2/11 + (-744)/a. Calculate the greatest common factor of s and 17.
17
Let y = -26 + -4. Let q be y/(-9) - 4/(-6). Suppose 4*c - 29 - 83 = 0. Calculate the greatest common factor of c and q.
4
Suppose 16 = 2*d - 0*d. Let v be d/2 - (-126)/9. Calculate the greatest common factor of 27 and v.
9
Suppose 5*p - 15 = 10. Suppose w - 3*r = -p*r + 1, w - r - 7 = 0. Calculate the highest common divisor of w and 5.
5
Let z = 85 - 53. What is the highest common factor of z and 16?
16
Suppose -3*y = 5*a - a - 557, 182 = y + 5*a. What is the greatest common divisor of y and 17?
17
Let w = -187 + 203. Calculate the highest common factor of w and 16.
16
Let f(v) = -v**3 + 8*v**2 - 3*v - 2. Let b be f(7). Suppose -3*z + z + b = 0. Suppose 5*c - 412 = 303. What is the greatest common divisor of z and c?
13
Let u be 4/(-14) + (-216)/(-21). Let k = u + -6. What is the highest common factor of k and 24?
4
Suppose -5 = -5*n + 35. Let i be (n + -3)*32/5. Suppose -f = -3*g + f + 234, -228 = -3*g + 4*f. Calculate the greatest common divisor of g and i.
16
Let r be (-1)/3 - (-64)/3. Let j(g) = 48*g**2 - 3. Let z be j(-2). Calculate the highest common factor of r and z.
21
Let c = 13 - 5. Let g(k) be the second derivative of k**3/3 - 3*k**2 - k. Let h be g(c). What is the greatest common factor of 50 and h?
10
Suppose -2*b = 3*b - 105. Suppose 61 = 2*s - 5*j, 64 = 3*s - j - b. Let r = 76 - s. What is the highest common divisor of 6 and r?
6
Let p(o) = -o - 15. Let j be p(-10). Let m = j + 8. Calculate the greatest common divisor of m and 27.
3
Suppose 0 = -3*z + z + 68. Let l(u) = -4*u**2 - u. Let w be l(-3). Let f = w + 84. Calculate the greatest common divisor of z and f.
17
Let x = -105 + 153. Suppose x = 3*k - 12. What is the greatest common factor of k and 10?
10
Let g(h) = h**2 + 2*h + 2. Let a be g(-4). What is the highest common divisor of a and 10?
10
Let b(d) = 6*d + 0 - 1 + 0*d. Let q be b(-1). Let c = q + 11. Calculate the highest common factor of c and 32.
4
Let z = -7 + 23. What is the greatest common divisor of 4 and z?
4
Suppose -x - 3*c = -1 + 2, 4*c + 8 = 0. Suppose -2*o = f + 3*o - 8, 44 = 3*f - x*o. Calculate the greatest common factor of 52 and f.
13
Let r = -46 + 14. Let o be (r/(-12))/((-2)/(-6)). What is the greatest common divisor of 1 and o?
1
Let y = -82 - -89. Calculate the greatest common factor of y and 84.
7
Let x = 140 - 132. Calculate the highest common divisor of 16 and x.
8
Let l = -70 - -82. Suppose 4*o = -8, n + 2*o + 2*o - 4 = 0. Calculate the greatest